{"id":21290,"date":"2022-04-02T14:25:34","date_gmt":"2022-04-02T12:25:34","guid":{"rendered":"https:\/\/2021.landshuter-kurzfilmfestival.de\/?page_id=21290"},"modified":"2026-01-24T09:30:40","modified_gmt":"2026-01-24T08:30:40","slug":"bezirk-von-niederbayern","status":"publish","type":"page","link":"https:\/\/landshuter-kurzfilmfestival.de\/de\/grussworte\/bezirk-von-niederbayern\/","title":{"rendered":"Bezirk von Niederbayern"},"content":{"rendered":"\n<div data-elementor-type=\"wp-page\" data-elementor-id=\"21290\" class=\"elementor elementor-21290\" data-elementor-post-type=\"page\">\n<section class=\"elementor-section elementor-top-section elementor-element elementor-element-ea9ba93 elementor-section-full_width elementor-section-height-default elementor-section-height-default\" data-id=\"ea9ba93\" data-element_type=\"section\">\n<div class=\"elementor-container elementor-column-gap-default\">\n<div class=\"elementor-column elementor-col-100 elementor-top-column elementor-element elementor-element-554f357\" data-id=\"554f357\" data-element_type=\"column\">\n<div class=\"elementor-widget-wrap elementor-element-populated\">\n<div class=\"elementor-element elementor-element-1120a07 elementor-widget elementor-widget-heading\" data-id=\"1120a07\" data-element_type=\"widget\" data-widget_type=\"heading.default\">\n<div class=\"elementor-widget-container\">\n<h2 class=\"elementor-heading-title elementor-size-default\">Dr. Olaf Heinrich<br \/>\nBezirkstagspr\u00e4sident von Niederbayern<\/h2>\n<\/p><\/div>\n<\/p><\/div>\n<div class=\"elementor-element elementor-element-03eb41a elementor-widget elementor-widget-spacer\" data-id=\"03eb41a\" data-element_type=\"widget\" data-widget_type=\"spacer.default\">\n<div class=\"elementor-widget-container\">\n<div class=\"elementor-spacer\">\n<div class=\"elementor-spacer-inner\"><\/div>\n<\/p><\/div>\n<\/p><\/div>\n<\/p><\/div>\n<\/p><\/div>\n<\/p><\/div>\n<\/p><\/div>\n<\/section>\n<section class=\"elementor-section elementor-top-section elementor-element elementor-element-3d2f43a elementor-section-full_width elementor-section-height-default elementor-section-height-default\" data-id=\"3d2f43a\" data-element_type=\"section\">\n<div class=\"elementor-container elementor-column-gap-default\">\n<div class=\"elementor-column elementor-col-33 elementor-top-column elementor-element elementor-element-3d1dbb3\" data-id=\"3d1dbb3\" data-element_type=\"column\">\n<div class=\"elementor-widget-wrap elementor-element-populated\">\n<div class=\"elementor-element elementor-element-1595aab elementor-widget elementor-widget-image\" data-id=\"1595aab\" data-element_type=\"widget\" data-widget_type=\"image.default\">\n<div class=\"elementor-widget-container\">\n\t\t\t\t\t\t\t\t\t\t\t\t\t\t\t<img fetchpriority=\"high\" decoding=\"async\" width=\"600\" height=\"729\" src=\"https:\/\/landshuter-kurzfilmfestival.de\/wp-content\/uploads\/2026\/01\/olaf_heinrich_2026.png\" class=\"attachment-large size-large wp-image-36104\" alt=\"\" srcset=\"https:\/\/landshuter-kurzfilmfestival.de\/wp-content\/uploads\/2026\/01\/olaf_heinrich_2026.png 600w, https:\/\/landshuter-kurzfilmfestival.de\/wp-content\/uploads\/2026\/01\/olaf_heinrich_2026-247x300.png 247w, https:\/\/landshuter-kurzfilmfestival.de\/wp-content\/uploads\/2026\/01\/olaf_heinrich_2026-300x365.png 300w\" sizes=\"(max-width: 600px) 100vw, 600px\" \/>\t\t\t\t\t\t\t\t\t\t\t\t\t\t\t<\/div>\n<\/p><\/div>\n<\/p><\/div>\n<\/p><\/div>\n<div class=\"elementor-column elementor-col-66 elementor-top-column elementor-element elementor-element-d3e94c2\" data-id=\"d3e94c2\" data-element_type=\"column\">\n<div class=\"elementor-widget-wrap elementor-element-populated\">\n<div class=\"elementor-element elementor-element-9874cb6 elementor-widget elementor-widget-text-editor\" data-id=\"9874cb6\" data-element_type=\"widget\" data-widget_type=\"text-editor.default\">\n<div class=\"elementor-widget-container\">\n<p>Liebe Freunde des Kurzfilms,<\/p>\n<p>2000 Filme wurden f\u00fcr das diesj\u00e4hrige Landshuter Kurzfilmfestival angemeldet. Davon wurden 221 Filme aus 36 L\u00e4ndern ausgew\u00e4hlt. Rund 55 Stunden lang k\u00f6nnen die Besucher an den drei Spielorten Filme anschauen und bekommen dar\u00fcber hinaus auch Einblicke hinter die Kulissen. Denn traditionell sind auch viele Filmemacher vor Ort, mit denen man ins Gespr\u00e4ch kommen kann.<br \/>Diese Zahlen sind beeindruckend. Doch weit mehr beeindruckt, wie viel Arbeit es bedeutet, dieses Festival jedes Jahr auf die Beine zu stellen &#8211; heuer bereits zum 26. Mal. Der k\u00fcnstlerische Leiter Michael Orth und die organisatorische Leiterin Birgit Horn und ihre Mitstreiter sind monatelang mit den Vorbereitungen besch\u00e4ftigt. Sie tun das, weil sie selbst leidenschaftliche Filmliebhaber sind, aber vor allem auch, um diese Begeisterung in anderen Menschen zu entfachen.<br \/>Dies gelingt den Machern jedes Jahr aufs Neue, auch weil sie neue Wege beschreiten und das Festival um neue Formate erg\u00e4nzen. So hat sich das Landshuter Kurzfilmfestival zu einem kulturellen H\u00f6hepunkt der Stadt Landshut und ganz Niederbayerns entwickelt, der weit \u00fcber die Grenzen Bayerns hinaus bekannt ist und j\u00e4hrlich tausende G\u00e4ste aus dem In- und Ausland anzieht. Trotz des gro\u00dfen Zuspruchs von Besuchern und Filmemachern ist das LAKFF immer famili\u00e4r geblieben. Gleichzeitig zeigt es, wie offen und innovativ unsere Stadt Landshut ist.<br \/>Ich w\u00fcnsche allen Zuschauern, Filmemachern, Filmbegeisterten und den Organisatoren an diesen sechs Tagen viel Erfolg, sch\u00f6ne Filmerlebnisse, bereichernde Begegnungen und interessante Gespr\u00e4che.<\/p>\n<\/p>\n<div class=\"notranslate\" style=\"all: initial; --darkreader-inline-bgcolor: initial; --darkreader-inline-bgimage: initial; --darkreader-inline-border-top: initial; --darkreader-inline-border-right: initial; --darkreader-inline-border-bottom: initial; --darkreader-inline-border-left: initial; --darkreader-inline-boxshadow: initial; --darkreader-inline-fill: initial; --darkreader-inline-stroke: initial; --darkreader-inline-color: var(--darkreader-text-000000, #e8e6e3); --darkreader-inline-outline: initial; --darkreader-inline-stopcolor: initial;\" data-darkreader-inline-bgcolor=\"\" data-darkreader-inline-bgimage=\"\" data-darkreader-inline-border-top=\"\" data-darkreader-inline-border-right=\"\" data-darkreader-inline-border-bottom=\"\" data-darkreader-inline-border-left=\"\" data-darkreader-inline-boxshadow=\"\" data-darkreader-inline-fill=\"\" data-darkreader-inline-stroke=\"\" data-darkreader-inline-color=\"\" data-darkreader-inline-outline=\"\" data-darkreader-inline-stopcolor=\"\">\u00a0<\/div>\n<\/p><\/div>\n<\/p><\/div>\n<\/p><\/div>\n<\/p><\/div>\n<\/p><\/div>\n<\/section>\n<section class=\"elementor-section elementor-top-section elementor-element elementor-element-acbe40a elementor-section-boxed elementor-section-height-default elementor-section-height-default\" data-id=\"acbe40a\" data-element_type=\"section\">\n<div class=\"elementor-container elementor-column-gap-default\">\n<div class=\"elementor-column elementor-col-100 elementor-top-column elementor-element elementor-element-639eb0e\" data-id=\"639eb0e\" data-element_type=\"column\">\n<div class=\"elementor-widget-wrap elementor-element-populated\">\n<div class=\"elementor-element elementor-element-7c2f3c8 elementor-widget elementor-widget-spacer\" data-id=\"7c2f3c8\" data-element_type=\"widget\" data-widget_type=\"spacer.default\">\n<div class=\"elementor-widget-container\">\n<div class=\"elementor-spacer\">\n<div class=\"elementor-spacer-inner\"><\/div>\n<\/p><\/div>\n<\/p><\/div>\n<\/p><\/div>\n<\/p><\/div>\n<\/p><\/div>\n<\/p><\/div>\n<\/section><\/div>\n","protected":false},"excerpt":{"rendered":"<p>Dr. Olaf Heinrich Bezirkstagspr\u00e4sident von Niederbayern Liebe Freunde des Kurzfilms, 2000 Filme wurden f\u00fcr das diesj\u00e4hrige Landshuter Kurzfilmfestival angemeldet. Davon wurden 221 Filme aus 36 L\u00e4ndern ausgew\u00e4hlt. Rund 55 Stunden lang k\u00f6nnen die Besucher an den drei Spielorten Filme anschauen und bekommen dar\u00fcber hinaus auch Einblicke hinter die Kulissen. Denn traditionell sind auch viele Filmemacher &#8230; <br \/><a class=\"read-more\" href=\"https:\/\/landshuter-kurzfilmfestival.de\/de\/grussworte\/bezirk-von-niederbayern\/\">Read More<\/a><\/p>\n","protected":false},"author":4,"featured_media":0,"parent":2228,"menu_order":0,"comment_status":"closed","ping_status":"closed","template":"","meta":{"_acf_changed":false,"footnotes":""},"categories":[],"tags":[],"class_list":["post-21290","page","type-page","status-publish","hentry"],"acf":[],"_links":{"self":[{"href":"https:\/\/landshuter-kurzfilmfestival.de\/de\/wp-json\/wp\/v2\/pages\/21290","targetHints":{"allow":["GET"]}}],"collection":[{"href":"https:\/\/landshuter-kurzfilmfestival.de\/de\/wp-json\/wp\/v2\/pages"}],"about":[{"href":"https:\/\/landshuter-kurzfilmfestival.de\/de\/wp-json\/wp\/v2\/types\/page"}],"author":[{"embeddable":true,"href":"https:\/\/landshuter-kurzfilmfestival.de\/de\/wp-json\/wp\/v2\/users\/4"}],"replies":[{"embeddable":true,"href":"https:\/\/landshuter-kurzfilmfestival.de\/de\/wp-json\/wp\/v2\/comments?post=21290"}],"version-history":[{"count":31,"href":"https:\/\/landshuter-kurzfilmfestival.de\/de\/wp-json\/wp\/v2\/pages\/21290\/revisions"}],"predecessor-version":[{"id":36107,"href":"https:\/\/landshuter-kurzfilmfestival.de\/de\/wp-json\/wp\/v2\/pages\/21290\/revisions\/36107"}],"up":[{"embeddable":true,"href":"https:\/\/landshuter-kurzfilmfestival.de\/de\/wp-json\/wp\/v2\/pages\/2228"}],"wp:attachment":[{"href":"https:\/\/landshuter-kurzfilmfestival.de\/de\/wp-json\/wp\/v2\/media?parent=21290"}],"wp:term":[{"taxonomy":"category","embeddable":true,"href":"https:\/\/landshuter-kurzfilmfestival.de\/de\/wp-json\/wp\/v2\/categories?post=21290"},{"taxonomy":"post_tag","embeddable":true,"href":"https:\/\/landshuter-kurzfilmfestival.de\/de\/wp-json\/wp\/v2\/tags?post=21290"}],"curies":[{"name":"wp","href":"https:\/\/api.w.org\/{rel}","templated":true}]}}

<div data-elementor-type="wp-page" data-elementor-id="21290" class="elementor elementor-21290" data-elementor-post-type="page">
<section class="elementor-section elementor-top-section elementor-element elementor-element-ea9ba93 elementor-section-full_width elementor-section-height-default elementor-section-height-default" data-id="ea9ba93" data-element_type="section">
<div class="elementor-container elementor-column-gap-default">
<div class="elementor-column elementor-col-100 elementor-top-column elementor-element elementor-element-554f357" data-id="554f357" data-element_type="column">
<div class="elementor-widget-wrap elementor-element-populated">
<div class="elementor-element elementor-element-1120a07 elementor-widget elementor-widget-heading" data-id="1120a07" data-element_type="widget" data-widget_type="heading.default">
<div class="elementor-widget-container">
<h2 class="elementor-heading-title elementor-size-default">Dr. Olaf Heinrich<br />
Bezirkstagspräsident von Niederbayern</h2>
</p></div>
</p></div>
<div class="elementor-element elementor-element-03eb41a elementor-widget elementor-widget-spacer" data-id="03eb41a" data-element_type="widget" data-widget_type="spacer.default">
<div class="elementor-widget-container">
<div class="elementor-spacer">
<div class="elementor-spacer-inner"></div>
</p></div>
</p></div>
</p></div>
</p></div>
</p></div>
</p></div>
</section>
<section class="elementor-section elementor-top-section elementor-element elementor-element-3d2f43a elementor-section-full_width elementor-section-height-default elementor-section-height-default" data-id="3d2f43a" data-element_type="section">
<div class="elementor-container elementor-column-gap-default">
<div class="elementor-column elementor-col-33 elementor-top-column elementor-element elementor-element-3d1dbb3" data-id="3d1dbb3" data-element_type="column">
<div class="elementor-widget-wrap elementor-element-populated">
<div class="elementor-element elementor-element-1595aab elementor-widget elementor-widget-image" data-id="1595aab" data-element_type="widget" data-widget_type="image.default">
<div class="elementor-widget-container">
															<img fetchpriority="high" decoding="async" width="600" height="729" src="https://landshuter-kurzfilmfestival.de/wp-content/uploads/2026/01/olaf_heinrich_2026.png" class="attachment-large size-large wp-image-36104" alt="" srcset="https://landshuter-kurzfilmfestival.de/wp-content/uploads/2026/01/olaf_heinrich_2026.png 600w, https://landshuter-kurzfilmfestival.de/wp-content/uploads/2026/01/olaf_heinrich_2026-247x300.png 247w, https://landshuter-kurzfilmfestival.de/wp-content/uploads/2026/01/olaf_heinrich_2026-300x365.png 300w" sizes="(max-width: 600px) 100vw, 600px" />															</div>
</p></div>
</p></div>
</p></div>
<div class="elementor-column elementor-col-66 elementor-top-column elementor-element elementor-element-d3e94c2" data-id="d3e94c2" data-element_type="column">
<div class="elementor-widget-wrap elementor-element-populated">
<div class="elementor-element elementor-element-9874cb6 elementor-widget elementor-widget-text-editor" data-id="9874cb6" data-element_type="widget" data-widget_type="text-editor.default">
<div class="elementor-widget-container">
<p>Liebe Freunde des Kurzfilms,</p>
<p>2000 Filme wurden für das diesjährige Landshuter Kurzfilmfestival angemeldet. Davon wurden 221 Filme aus 36 Ländern ausgewählt. Rund 55 Stunden lang können die Besucher an den drei Spielorten Filme anschauen und bekommen darüber hinaus auch Einblicke hinter die Kulissen. Denn traditionell sind auch viele Filmemacher vor Ort, mit denen man ins Gespräch kommen kann.<br />Diese Zahlen sind beeindruckend. Doch weit mehr beeindruckt, wie viel Arbeit es bedeutet, dieses Festival jedes Jahr auf die Beine zu stellen &#8211; heuer bereits zum 26. Mal. Der künstlerische Leiter Michael Orth und die organisatorische Leiterin Birgit Horn und ihre Mitstreiter sind monatelang mit den Vorbereitungen beschäftigt. Sie tun das, weil sie selbst leidenschaftliche Filmliebhaber sind, aber vor allem auch, um diese Begeisterung in anderen Menschen zu entfachen.<br />Dies gelingt den Machern jedes Jahr aufs Neue, auch weil sie neue Wege beschreiten und das Festival um neue Formate ergänzen. So hat sich das Landshuter Kurzfilmfestival zu einem kulturellen Höhepunkt der Stadt Landshut und ganz Niederbayerns entwickelt, der weit über die Grenzen Bayerns hinaus bekannt ist und jährlich tausende Gäste aus dem In- und Ausland anzieht. Trotz des großen Zuspruchs von Besuchern und Filmemachern ist das LAKFF immer familiär geblieben. Gleichzeitig zeigt es, wie offen und innovativ unsere Stadt Landshut ist.<br />Ich wünsche allen Zuschauern, Filmemachern, Filmbegeisterten und den Organisatoren an diesen sechs Tagen viel Erfolg, schöne Filmerlebnisse, bereichernde Begegnungen und interessante Gespräche.</p>
</p>
<div class="notranslate" style="all: initial; --darkreader-inline-bgcolor: initial; --darkreader-inline-bgimage: initial; --darkreader-inline-border-top: initial; --darkreader-inline-border-right: initial; --darkreader-inline-border-bottom: initial; --darkreader-inline-border-left: initial; --darkreader-inline-boxshadow: initial; --darkreader-inline-fill: initial; --darkreader-inline-stroke: initial; --darkreader-inline-color: var(--darkreader-text-000000, #e8e6e3); --darkreader-inline-outline: initial; --darkreader-inline-stopcolor: initial;" data-darkreader-inline-bgcolor="" data-darkreader-inline-bgimage="" data-darkreader-inline-border-top="" data-darkreader-inline-border-right="" data-darkreader-inline-border-bottom="" data-darkreader-inline-border-left="" data-darkreader-inline-boxshadow="" data-darkreader-inline-fill="" data-darkreader-inline-stroke="" data-darkreader-inline-color="" data-darkreader-inline-outline="" data-darkreader-inline-stopcolor=""> </div>
</p></div>
</p></div>
</p></div>
</p></div>
</p></div>
</section>
<section class="elementor-section elementor-top-section elementor-element elementor-element-acbe40a elementor-section-boxed elementor-section-height-default elementor-section-height-default" data-id="acbe40a" data-element_type="section">
<div class="elementor-container elementor-column-gap-default">
<div class="elementor-column elementor-col-100 elementor-top-column elementor-element elementor-element-639eb0e" data-id="639eb0e" data-element_type="column">
<div class="elementor-widget-wrap elementor-element-populated">
<div class="elementor-element elementor-element-7c2f3c8 elementor-widget elementor-widget-spacer" data-id="7c2f3c8" data-element_type="widget" data-widget_type="spacer.default">
<div class="elementor-widget-container">
<div class="elementor-spacer">
<div class="elementor-spacer-inner"></div>
</p></div>
</p></div>
</p></div>
</p></div>
</p></div>
</p></div>
</section></div>

<p>Dr. Olaf Heinrich Bezirkstagspräsident von Niederbayern Liebe Freunde des Kurzfilms, 2000 Filme wurden für das diesjährige Landshuter Kurzfilmfestival angemeldet. Davon wurden 221 Filme aus 36 Ländern ausgewählt. Rund 55 Stunden lang können die Besucher an den drei Spielorten Filme anschauen und bekommen darüber hinaus auch Einblicke hinter die Kulissen. Denn traditionell sind auch viele Filmemacher &#8230; <br /><a class="read-more" href="https://landshuter-kurzfilmfestival.de/de/grussworte/bezirk-von-niederbayern/">Read More</a></p>
