{"id":8581,"date":"2019-02-16T19:03:03","date_gmt":"2019-02-16T18:03:03","guid":{"rendered":"http:\/\/2021.landshuter-kurzfilmfestival.de\/?page_id=8581"},"modified":"2026-01-27T15:27:42","modified_gmt":"2026-01-27T14:27:42","slug":"kurzes-fuer-kids","status":"publish","type":"page","link":"https:\/\/landshuter-kurzfilmfestival.de\/de\/programm\/wettbewerbe\/kurzes-fuer-kids\/","title":{"rendered":"Kurzes f\u00fcr Kids"},"content":{"rendered":"\n<div data-elementor-type=\"wp-page\" data-elementor-id=\"8581\" class=\"elementor elementor-8581\" data-elementor-post-type=\"page\">\n<section class=\"elementor-section elementor-top-section elementor-element elementor-element-e91fd60 elementor-section-full_width elementor-section-height-default elementor-section-height-default\" data-id=\"e91fd60\" data-element_type=\"section\">\n<div class=\"elementor-container elementor-column-gap-default\">\n<div class=\"elementor-column elementor-col-100 elementor-top-column elementor-element elementor-element-b7a907a\" data-id=\"b7a907a\" data-element_type=\"column\">\n<div class=\"elementor-widget-wrap\">\n\t\t\t\t\t\t\t<\/div>\n<\/p><\/div>\n<\/p><\/div>\n<\/section>\n<section class=\"elementor-section elementor-top-section elementor-element elementor-element-07a4b1c elementor-section-full_width elementor-hidden-desktop elementor-hidden-tablet elementor-hidden-mobile elementor-section-height-default elementor-section-height-default\" data-id=\"07a4b1c\" data-element_type=\"section\">\n<div class=\"elementor-container elementor-column-gap-default\">\n<div class=\"elementor-column elementor-col-100 elementor-top-column elementor-element elementor-element-efda368\" data-id=\"efda368\" data-element_type=\"column\">\n<div class=\"elementor-widget-wrap elementor-element-populated\">\n<div class=\"elementor-element elementor-element-02d0976 elementor-nav-menu__text-align-center competition-btn elementor-widget elementor-widget-nav-menu\" data-id=\"02d0976\" data-element_type=\"widget\" data-settings=\"{&quot;layout&quot;:&quot;dropdown&quot;,&quot;submenu_icon&quot;:{&quot;value&quot;:&quot;&lt;i class=\\&quot;fas fa-caret-down\\&quot;&gt;&lt;\\\/i&gt;&quot;,&quot;library&quot;:&quot;fa-solid&quot;}}\" data-widget_type=\"nav-menu.default\">\n<div class=\"elementor-widget-container\">\n<nav class=\"elementor-nav-menu--dropdown elementor-nav-menu__container\" aria-hidden=\"true\">\n<ul id=\"menu-2-02d0976\" class=\"elementor-nav-menu\">\n<li class=\"menu-item menu-item-type-post_type menu-item-object-page menu-item-16578\"><a href=\"https:\/\/landshuter-kurzfilmfestival.de\/de\/programm\/wettbewerbe\/kurzes-fuer-kids\/\" class=\"elementor-item\" tabindex=\"-1\">Kurzes f\u00fcr Kids<\/a><\/li>\n<\/ul>\n<\/nav><\/div>\n<\/p><\/div>\n<\/p><\/div>\n<\/p><\/div>\n<\/p><\/div>\n<\/section>\n<section class=\"elementor-section elementor-top-section elementor-element elementor-element-dd7f6ca elementor-section-full_width elementor-section-height-default elementor-section-height-default\" data-id=\"dd7f6ca\" data-element_type=\"section\">\n<div class=\"elementor-container elementor-column-gap-default\">\n<div class=\"elementor-column elementor-col-100 elementor-top-column elementor-element elementor-element-271226d\" data-id=\"271226d\" data-element_type=\"column\">\n<div class=\"elementor-widget-wrap elementor-element-populated\">\n<div class=\"elementor-element elementor-element-fb20747 elementor-widget elementor-widget-text-editor\" data-id=\"fb20747\" data-element_type=\"widget\" data-widget_type=\"text-editor.default\">\n<div class=\"elementor-widget-container\">\n<table id=\"tablepress-69\" class=\"tablepress tablepress-id-69 film-list-header\">\n<tbody>\n<tr class=\"row-1\">\n<td class=\"column-1\">Spielzeit: <\/td>\n<td class=\"column-2\"> ca. 100 Min. <\/td>\n<td class=\"column-3\"> ab 6 Jahren <\/td>\n<td class=\"column-4\">  <\/td>\n<td class=\"column-5\">  <\/td>\n<td class=\"column-6\"> <\/td>\n<\/tr>\n<tr class=\"row-2\">\n<td class=\"column-1\">Spielort: <\/td>\n<td class=\"column-2\"> Salzstadel <\/td>\n<td class=\"column-3\"> Uhrzeit: <\/td>\n<td class=\"column-4\"> 14:30 Uhr <\/td>\n<td class=\"column-5\"> Datum: <\/td>\n<td class=\"column-6\">Samstag, 14.03.<\/td>\n<\/tr>\n<tr class=\"row-3\">\n<td class=\"column-1\">Spielort: <\/td>\n<td class=\"column-2\"> Kinoptikum <\/td>\n<td class=\"column-3\"> Uhrzeit: <\/td>\n<td class=\"column-4\"> 14:30 Uhr <\/td>\n<td class=\"column-5\"> Datum: <\/td>\n<td class=\"column-6\">Sonntag, 15.03.<\/td>\n<\/tr>\n<\/tbody>\n<\/table>\n<p><!-- #tablepress-69 from cache --><\/p>\n<\/p><\/div>\n<\/p><\/div>\n<div class=\"elementor-element elementor-element-643d43f elementor-widget elementor-widget-heading\" data-id=\"643d43f\" data-element_type=\"widget\" data-widget_type=\"heading.default\">\n<div class=\"elementor-widget-container\">\n<h2 class=\"elementor-heading-title elementor-size-xxl\">Kurzes f\u00fcr Kids<\/h2>\n<\/p><\/div>\n<\/p><\/div>\n<\/p><\/div>\n<\/p><\/div>\n<\/p><\/div>\n<\/section>\n<section class=\"elementor-section elementor-top-section elementor-element elementor-element-b624cca elementor-section-full_width elementor-section-height-default elementor-section-height-default\" data-id=\"b624cca\" data-element_type=\"section\">\n<div class=\"elementor-container elementor-column-gap-default\">\n<div class=\"elementor-column elementor-col-100 elementor-top-column elementor-element elementor-element-4be2b61\" data-id=\"4be2b61\" data-element_type=\"column\">\n<div class=\"elementor-widget-wrap elementor-element-populated\">\n<div class=\"elementor-element elementor-element-f897b4c elementor-widget elementor-widget-spacer\" data-id=\"f897b4c\" data-element_type=\"widget\" data-widget_type=\"spacer.default\">\n<div class=\"elementor-widget-container\">\n<div class=\"elementor-spacer\">\n<div class=\"elementor-spacer-inner\"><\/div>\n<\/p><\/div>\n<\/p><\/div>\n<\/p><\/div>\n<div class=\"elementor-element elementor-element-9f91a23 elementor-widget elementor-widget-text-editor\" data-id=\"9f91a23\" data-element_type=\"widget\" data-widget_type=\"text-editor.default\">\n<div class=\"elementor-widget-container\">\n<p>Mein Haus, mein Garten, mein Wald, meine Stadt. Das ist mein Terrain, hier kenne ich mich aus. Die acht Filme des Programms \u201eKurzes f\u00fcr Kids\u201c aber \u00f6ffnen die T\u00fcr und lassen die Welt herein.<\/p>\n<p>Gleich VOR MEINER T\u00dcR AUF EINER MATTE steht jeden Tag die blonde Ratte. Und was sich reimt, ist gut? Mitnichten! Dieser Hausgast l\u00e4dt sich einfach st\u00e4ndig selbst ein. Keine Minute hat man mehr f\u00fcr sich. Egal ob beim Z\u00e4hneputzen, beim Musikh\u00f6ren oder selbst beim Nickerchen. Aber w\u00e4re das Haus ohne diesen frechen Gast nicht doch etwas zu leer?<\/p>\n<p>Einen zaghaften Schritt macht der kleine Hamster in ein geheimnisvolles Haus. Der Boden dort ist weich und grasig, das kennt er aus der tristen Au\u00dfenwelt gar nicht. Zusammen mit seinem neuen Kumpel, einer riesigen Kreatur aus Pflanzenranken, will er alles wieder bunt und lebendig gestalten (LE PETIT ET LE G\u00c9ANT).<\/p>\n<p>Ein erster Schritt ins Ungewisse wird auch f\u00fcr drei Babyv\u00f6gel zu einem gro\u00dfen Abenteuer. Ein kurzes Z\u00f6gern, ein mutiger Hopser, ein vorsichtiges Gleiten und pl\u00f6tzlich verwirbelt sich der Himmel und sie fliegen! (FIRST FLIGHT)<\/p>\n<p>\u201eWas macht ihr denn da?\u201c \u201eDas sieht man doch, wir starten ein Raumfahrtprogramm.\u201c Noch h\u00f6her hinaus, bis mitten ins Weltall, will eine Gruppe Kinder. Und DAS BISSCHEN ASTROPHYSIK? Ach, das kriegen sie dann schon irgendwie hin.<\/p>\n<p>Zur\u00fcck auf der Erde \u00e4chzen die \u00c4ste, der Wald knarzt und die Wolken h\u00e4ngen dunkelgrau \u00fcber den B\u00e4umen. Ein tiefer, h\u00f6lzerner Ton brummt durch das Dickicht. Es ist eine Melodie aus einer bl\u00fchenden Zauberfl\u00f6te, die der Landschaft mit ihrer W\u00e4rme wieder Leben einhaucht (WOODLAND).<\/p>\n<p>Andernorts vermischt sich der blecherne Sound eines Saxophons mit dem Klinken und Klonken der Maschinen. Die Lok auf LINIE 12 improvisiert wie im Jazz den Rhythmus der Schiene und nimmt uns mit auf eine abenteuerliche Zugfahrt.<\/p>\n<p>Ein anderer Zug; an Bord sind zwei Geschwister und ihre Mutter. Doch wer findet die Worte, dem j\u00fcngsten Bruder zu sagen, dass die Eltern sich trennen und Papa nicht nachkommen wird? (ZU GROSS F\u00dcR SP\u00c4TER)<\/p>\n<p>Und Yuna hat KIRSCHKERNE IM BAUCH, denn ihre beste Freundin ist weggezogen. Da f\u00fchlt sich alles erst mal schwer an. Doch gegen die Traurigkeit hilft ein neuer Freund \u2013 ganz egal, ob er nun echt ist oder unsichtbar.<\/p>\n<p>Nach der Vorstellung wird abgestimmt: Die Kinder stimmen als Jury dar\u00fcber ab, welcher Film den Publikumspreis erh\u00e4lt.<\/p>\n<\/p><\/div>\n<\/p><\/div>\n<div class=\"elementor-element elementor-element-a2fa375 elementor-widget elementor-widget-spacer\" data-id=\"a2fa375\" data-element_type=\"widget\" data-widget_type=\"spacer.default\">\n<div class=\"elementor-widget-container\">\n<div class=\"elementor-spacer\">\n<div class=\"elementor-spacer-inner\"><\/div>\n<\/p><\/div>\n<\/p><\/div>\n<\/p><\/div>\n<\/p><\/div>\n<\/p><\/div>\n<\/p><\/div>\n<\/section><\/div>\n","protected":false},"excerpt":{"rendered":"<p>Kurzes f\u00fcr Kids Mein Haus, mein Garten, mein Wald, meine Stadt. Das ist mein Terrain, hier kenne ich mich aus. Die acht Filme des Programms \u201eKurzes f\u00fcr Kids\u201c aber \u00f6ffnen die T\u00fcr und lassen die Welt herein. Gleich VOR MEINER T\u00dcR AUF EINER MATTE steht jeden Tag die blonde Ratte. Und was sich reimt, ist &#8230; <br \/><a class=\"read-more\" href=\"https:\/\/landshuter-kurzfilmfestival.de\/de\/programm\/wettbewerbe\/kurzes-fuer-kids\/\">Read More<\/a><\/p>\n","protected":false},"author":4,"featured_media":0,"parent":17234,"menu_order":0,"comment_status":"closed","ping_status":"closed","template":"page-film-list.php","meta":{"_acf_changed":false,"footnotes":""},"categories":[250],"tags":[],"class_list":["post-8581","page","type-page","status-publish","hentry","category-filmlist"],"acf":[],"_links":{"self":[{"href":"https:\/\/landshuter-kurzfilmfestival.de\/de\/wp-json\/wp\/v2\/pages\/8581","targetHints":{"allow":["GET"]}}],"collection":[{"href":"https:\/\/landshuter-kurzfilmfestival.de\/de\/wp-json\/wp\/v2\/pages"}],"about":[{"href":"https:\/\/landshuter-kurzfilmfestival.de\/de\/wp-json\/wp\/v2\/types\/page"}],"author":[{"embeddable":true,"href":"https:\/\/landshuter-kurzfilmfestival.de\/de\/wp-json\/wp\/v2\/users\/4"}],"replies":[{"embeddable":true,"href":"https:\/\/landshuter-kurzfilmfestival.de\/de\/wp-json\/wp\/v2\/comments?post=8581"}],"version-history":[{"count":46,"href":"https:\/\/landshuter-kurzfilmfestival.de\/de\/wp-json\/wp\/v2\/pages\/8581\/revisions"}],"predecessor-version":[{"id":37757,"href":"https:\/\/landshuter-kurzfilmfestival.de\/de\/wp-json\/wp\/v2\/pages\/8581\/revisions\/37757"}],"up":[{"embeddable":true,"href":"https:\/\/landshuter-kurzfilmfestival.de\/de\/wp-json\/wp\/v2\/pages\/17234"}],"wp:attachment":[{"href":"https:\/\/landshuter-kurzfilmfestival.de\/de\/wp-json\/wp\/v2\/media?parent=8581"}],"wp:term":[{"taxonomy":"category","embeddable":true,"href":"https:\/\/landshuter-kurzfilmfestival.de\/de\/wp-json\/wp\/v2\/categories?post=8581"},{"taxonomy":"post_tag","embeddable":true,"href":"https:\/\/landshuter-kurzfilmfestival.de\/de\/wp-json\/wp\/v2\/tags?post=8581"}],"curies":[{"name":"wp","href":"https:\/\/api.w.org\/{rel}","templated":true}]}}

Kurzes für Kids

<div data-elementor-type="wp-page" data-elementor-id="8581" class="elementor elementor-8581" data-elementor-post-type="page">
<section class="elementor-section elementor-top-section elementor-element elementor-element-e91fd60 elementor-section-full_width elementor-section-height-default elementor-section-height-default" data-id="e91fd60" data-element_type="section">
<div class="elementor-container elementor-column-gap-default">
<div class="elementor-column elementor-col-100 elementor-top-column elementor-element elementor-element-b7a907a" data-id="b7a907a" data-element_type="column">
<div class="elementor-widget-wrap">
							</div>
</p></div>
</p></div>
</section>
<section class="elementor-section elementor-top-section elementor-element elementor-element-07a4b1c elementor-section-full_width elementor-hidden-desktop elementor-hidden-tablet elementor-hidden-mobile elementor-section-height-default elementor-section-height-default" data-id="07a4b1c" data-element_type="section">
<div class="elementor-container elementor-column-gap-default">
<div class="elementor-column elementor-col-100 elementor-top-column elementor-element elementor-element-efda368" data-id="efda368" data-element_type="column">
<div class="elementor-widget-wrap elementor-element-populated">
<div class="elementor-element elementor-element-02d0976 elementor-nav-menu__text-align-center competition-btn elementor-widget elementor-widget-nav-menu" data-id="02d0976" data-element_type="widget" data-settings="{&quot;layout&quot;:&quot;dropdown&quot;,&quot;submenu_icon&quot;:{&quot;value&quot;:&quot;&lt;i class=\&quot;fas fa-caret-down\&quot;&gt;&lt;\/i&gt;&quot;,&quot;library&quot;:&quot;fa-solid&quot;}}" data-widget_type="nav-menu.default">
<div class="elementor-widget-container">
<nav class="elementor-nav-menu--dropdown elementor-nav-menu__container" aria-hidden="true">
<ul id="menu-2-02d0976" class="elementor-nav-menu">
<li class="menu-item menu-item-type-post_type menu-item-object-page menu-item-16578"><a href="https://landshuter-kurzfilmfestival.de/de/programm/wettbewerbe/kurzes-fuer-kids/" class="elementor-item" tabindex="-1">Kurzes für Kids</a></li>
</ul>
</nav></div>
</p></div>
</p></div>
</p></div>
</p></div>
</section>
<section class="elementor-section elementor-top-section elementor-element elementor-element-dd7f6ca elementor-section-full_width elementor-section-height-default elementor-section-height-default" data-id="dd7f6ca" data-element_type="section">
<div class="elementor-container elementor-column-gap-default">
<div class="elementor-column elementor-col-100 elementor-top-column elementor-element elementor-element-271226d" data-id="271226d" data-element_type="column">
<div class="elementor-widget-wrap elementor-element-populated">
<div class="elementor-element elementor-element-fb20747 elementor-widget elementor-widget-text-editor" data-id="fb20747" data-element_type="widget" data-widget_type="text-editor.default">
<div class="elementor-widget-container">
<table id="tablepress-69" class="tablepress tablepress-id-69 film-list-header">
<tbody>
<tr class="row-1">
<td class="column-1">Spielzeit: </td>
<td class="column-2"> ca. 100 Min. </td>
<td class="column-3"> ab 6 Jahren </td>
<td class="column-4">  </td>
<td class="column-5">  </td>
<td class="column-6"> </td>
</tr>
<tr class="row-2">
<td class="column-1">Spielort: </td>
<td class="column-2"> Salzstadel </td>
<td class="column-3"> Uhrzeit: </td>
<td class="column-4"> 14:30 Uhr </td>
<td class="column-5"> Datum: </td>
<td class="column-6">Samstag, 14.03.</td>
</tr>
<tr class="row-3">
<td class="column-1">Spielort: </td>
<td class="column-2"> Kinoptikum </td>
<td class="column-3"> Uhrzeit: </td>
<td class="column-4"> 14:30 Uhr </td>
<td class="column-5"> Datum: </td>
<td class="column-6">Sonntag, 15.03.</td>
</tr>
</tbody>
</table>
<p><!-- #tablepress-69 from cache --></p>
</p></div>
</p></div>
<div class="elementor-element elementor-element-643d43f elementor-widget elementor-widget-heading" data-id="643d43f" data-element_type="widget" data-widget_type="heading.default">
<div class="elementor-widget-container">
<h2 class="elementor-heading-title elementor-size-xxl">Kurzes für Kids</h2>
</p></div>
</p></div>
</p></div>
</p></div>
</p></div>
</section>
<section class="elementor-section elementor-top-section elementor-element elementor-element-b624cca elementor-section-full_width elementor-section-height-default elementor-section-height-default" data-id="b624cca" data-element_type="section">
<div class="elementor-container elementor-column-gap-default">
<div class="elementor-column elementor-col-100 elementor-top-column elementor-element elementor-element-4be2b61" data-id="4be2b61" data-element_type="column">
<div class="elementor-widget-wrap elementor-element-populated">
<div class="elementor-element elementor-element-f897b4c elementor-widget elementor-widget-spacer" data-id="f897b4c" data-element_type="widget" data-widget_type="spacer.default">
<div class="elementor-widget-container">
<div class="elementor-spacer">
<div class="elementor-spacer-inner"></div>
</p></div>
</p></div>
</p></div>
<div class="elementor-element elementor-element-9f91a23 elementor-widget elementor-widget-text-editor" data-id="9f91a23" data-element_type="widget" data-widget_type="text-editor.default">
<div class="elementor-widget-container">
<p>Mein Haus, mein Garten, mein Wald, meine Stadt. Das ist mein Terrain, hier kenne ich mich aus. Die acht Filme des Programms „Kurzes für Kids“ aber öffnen die Tür und lassen die Welt herein.</p>
<p>Gleich VOR MEINER TÜR AUF EINER MATTE steht jeden Tag die blonde Ratte. Und was sich reimt, ist gut? Mitnichten! Dieser Hausgast lädt sich einfach ständig selbst ein. Keine Minute hat man mehr für sich. Egal ob beim Zähneputzen, beim Musikhören oder selbst beim Nickerchen. Aber wäre das Haus ohne diesen frechen Gast nicht doch etwas zu leer?</p>
<p>Einen zaghaften Schritt macht der kleine Hamster in ein geheimnisvolles Haus. Der Boden dort ist weich und grasig, das kennt er aus der tristen Außenwelt gar nicht. Zusammen mit seinem neuen Kumpel, einer riesigen Kreatur aus Pflanzenranken, will er alles wieder bunt und lebendig gestalten (LE PETIT ET LE GÉANT).</p>
<p>Ein erster Schritt ins Ungewisse wird auch für drei Babyvögel zu einem großen Abenteuer. Ein kurzes Zögern, ein mutiger Hopser, ein vorsichtiges Gleiten und plötzlich verwirbelt sich der Himmel und sie fliegen! (FIRST FLIGHT)</p>
<p>„Was macht ihr denn da?“ „Das sieht man doch, wir starten ein Raumfahrtprogramm.“ Noch höher hinaus, bis mitten ins Weltall, will eine Gruppe Kinder. Und DAS BISSCHEN ASTROPHYSIK? Ach, das kriegen sie dann schon irgendwie hin.</p>
<p>Zurück auf der Erde ächzen die Äste, der Wald knarzt und die Wolken hängen dunkelgrau über den Bäumen. Ein tiefer, hölzerner Ton brummt durch das Dickicht. Es ist eine Melodie aus einer blühenden Zauberflöte, die der Landschaft mit ihrer Wärme wieder Leben einhaucht (WOODLAND).</p>
<p>Andernorts vermischt sich der blecherne Sound eines Saxophons mit dem Klinken und Klonken der Maschinen. Die Lok auf LINIE 12 improvisiert wie im Jazz den Rhythmus der Schiene und nimmt uns mit auf eine abenteuerliche Zugfahrt.</p>
<p>Ein anderer Zug; an Bord sind zwei Geschwister und ihre Mutter. Doch wer findet die Worte, dem jüngsten Bruder zu sagen, dass die Eltern sich trennen und Papa nicht nachkommen wird? (ZU GROSS FÜR SPÄTER)</p>
<p>Und Yuna hat KIRSCHKERNE IM BAUCH, denn ihre beste Freundin ist weggezogen. Da fühlt sich alles erst mal schwer an. Doch gegen die Traurigkeit hilft ein neuer Freund – ganz egal, ob er nun echt ist oder unsichtbar.</p>
<p>Nach der Vorstellung wird abgestimmt: Die Kinder stimmen als Jury darüber ab, welcher Film den Publikumspreis erhält.</p>
</p></div>
</p></div>
<div class="elementor-element elementor-element-a2fa375 elementor-widget elementor-widget-spacer" data-id="a2fa375" data-element_type="widget" data-widget_type="spacer.default">
<div class="elementor-widget-container">
<div class="elementor-spacer">
<div class="elementor-spacer-inner"></div>
</p></div>
</p></div>
</p></div>
</p></div>
</p></div>
</p></div>
</section></div>

<p>Kurzes für Kids Mein Haus, mein Garten, mein Wald, meine Stadt. Das ist mein Terrain, hier kenne ich mich aus. Die acht Filme des Programms „Kurzes für Kids“ aber öffnen die Tür und lassen die Welt herein. Gleich VOR MEINER TÜR AUF EINER MATTE steht jeden Tag die blonde Ratte. Und was sich reimt, ist &#8230; <br /><a class="read-more" href="https://landshuter-kurzfilmfestival.de/de/programm/wettbewerbe/kurzes-fuer-kids/">Read More</a></p>
